et t = d - 11. Does 6 divide t?
True
Suppose 2*i + 1 - 143 = 0. Is 20 a factor of i?
False
Suppose 4*i = 5*y - 21, 5*y - 30 = -3*i - 2. Does 2 divide y?
False
Suppose 0 = 4*m + 4 - 20. Suppose -20 = -m*h, 5*x + h = -3*h - 10. Let o(k) = -k**3 - 6*k**2 - 4*k - 3. Is 21 a factor of o(x)?
True
Is (-4)/(-2*(-3)/(-6)) a multiple of 2?
True
Let k = -81 + 356. Does 38 divide k?
False
Let r be ((-32)/5)/(1/5). Let x = r + 64. Does 11 divide x?
False
Suppose -3*c = 3*o - 255, -o - 5*c + 47 = -30. Let u = o + -27. Is u a multiple of 20?
True
Does 14 divide 6/(-9) - 1412/(-12)?
False
Does 18 divide (-7415)/(-25) - 6/(-15)?
False
Let l(x) be the first derivative of 1/2*x**2 + 1 - x + 4*x**3. Does 5 divide l(1)?
False
Let y be 2*((-10)/4)/5. Is (-3)/(y/(9 - 2)) a multiple of 10?
False
Let k(h) = -h**3 + 9*h**2 + 14*h - 20. Is k(8) a multiple of 39?
True
Is 22 a factor of (-6)/4 + 4130/28?
False
Suppose 2*i + 3*i = 0. Suppose 7*j - 11*j + 16 = i. Is j a multiple of 2?
True
Let f(s) = -11*s - 20. Let c(a) = 16*a + 30. Let t = -1 - 4. Let k(d) = t*c(d) - 7*f(d). Does 8 divide k(-7)?
False
Suppose 232 = 3*c - 2*x + 6*x, 4*c - 314 = -3*x. Is 40 a factor of c?
True
Suppose -3*i + 42 = -0*i. Is i a multiple of 14?
True
Is 7 a factor of (1 - -1)/(177/(-60) + 3)?
False
Let w(r) be the second derivative of r**4/12 + 2*r**3 + 5*r**2 - 5*r. Is w(-15) a multiple of 13?
False
Let r(l) = -l**3 - 12*l**2 - 14*l - 8. Is 24 a factor of r(-11)?
False
Let u = -1 - -6. Let o be ((-50)/(-30))/((-2)/(-6)). Suppose -z = o, -u*p + 0*p - 4*z = -75. Does 11 divide p?
False
Suppose -p + 2 = 2*k, 3*k = 8*k + 10. Let t be 16/(-56) + (-1144)/14. Does 12 divide t/(-5) + p/(-15)?
False
Let m = -20 - -30. Is 3 a factor of m?
False
Let m be (-28)/(-12) + (-4)/(-6). Let v = 16 - 6. Let w = v - m. Is w a multiple of 4?
False
Let z(t) = -4*t + 14*t - 5 - t**2 - 8 + 2*t**2. Does 8 divide z(-13)?
False
Let k(i) = i**2 + i + 1. Is 16 a factor of k(7)?
False
Suppose -4*r + 2*r + 24 = 0. Does 4 divide r?
True
Let d = 0 - -2. Is 15 + 2 + (0 - d) a multiple of 15?
True
Let s(n) = -n**2 - 4*n - 1. Let h be s(-4). Suppose -25 = -5*m, 0 = -i + 2*m - 10 + 2. Does 15 divide i/h + 33 + -1?
True
Let i = -1 + 10. Let h = 6 + i. Is h a multiple of 9?
False
Suppose -8*p + 7*p - 2 = q, 0 = 4*p - q + 13. Let o be 788/(-6)*p/2. Suppose -2*w = 9 - 1, 0 = 5*x + 2*w - o. Is x a multiple of 20?
False
Suppose -15*j = -12*j - 126. Does 14 divide j?
True
Suppose 2*f = -69 + 285. Does 36 divide f?
True
Let p be 40*-1 - (-10 + 8). Is (-4)/(-4) - -2 - p a multiple of 11?
False
Let t(k) = 20*k**2 + 2*k. Is t(-1) a multiple of 6?
True
Let c = -5 - -9. Let t = -2 + c. Let f(w) = 2*w**3 - w**2 + 3*w - 2. Does 8 divide f(t)?
True
Let t be (8/(-6))/((-10)/15). Suppose t*c + 2*c = -8. Let j = 4 - c. Does 3 divide j?
True
Suppose -8*f + 6 = -6*f. Suppose f*z - 3 = 51. Does 14 divide z?
False
Suppose 3*u + 4*w = -0*u + 37, -u + 5*w + 6 = 0. Let i = 24 - u. Does 13 divide i?
True
Let t = 44 + 36. Is 20 a factor of t?
True
Suppose 39 + 76 = 5*v. Is 3 a factor of v?
False
Let y(q) be the first derivative of q**4/4 + 2*q**3 + q**2 - 3. Is 8 a factor of y(-4)?
True
Let v = 14 + 3. Let o = v - 4. Is 5 a factor of o?
False
Let q(w) = 2*w**2 + 3*w + 1. Let z(a) = a**3 + 6*a**2 - 4*a + 9. Let k be z(-7). Let s be (k/16)/(1/4). Is 7 a factor of q(s)?
False
Suppose -24 = 5*u + f, -6*u - 3*f - 28 = -2*u. Let c = 9 + u. Is 5 a factor of c?
True
Let v be 665/15 + 2/(-6). Suppose -q + v = 3*q. Does 5 divide q?
False
Suppose 4*r + 0*n - n - 994 = 0, 3*n = r - 254. Is r a multiple of 31?
True
Suppose 3*m = -3*l + 39, -7*l + 1 = m - 2*l. Is 4 a factor of m?
True
Let b(r) = -6*r - 2. Suppose 2*j = -4*t - 2*j + 48, 3*j - 47 = -4*t. Suppose t = -5*x + 4*n, -x + n - 5*n - 7 = 0. Does 8 divide b(x)?
True
Suppose 4*r - 3*r + 183 = 5*i, -5*r + 93 = 3*i. Suppose -8*x + i = -4*x. Is 3 a factor of x?
True
Suppose 5*d - 260 = 100. Suppose 0 = -2*q + 5*q - d. Suppose 5 = -l + q. Does 19 divide l?
True
Suppose -2*k + j - 19 = 0, -2*k = -0*j + 2*j + 16. Let u(w) = w + 21. Is 6 a factor of u(k)?
True
Let c = -11 - -28. Let u = 22 - c. Does 2 divide u?
False
Suppose 4*m - d - 49 = 0, -d - d = -4*m + 54. Is 2 a factor of m?
False
Let p = 6 + -6. Suppose -g + 6 = 2*g. Suppose -5*z - g*l = -118, 2*l - 22 = -p*z - z. Does 12 divide z?
True
Suppose -84 = -3*g + 156. Is 10 a factor of g?
True
Let q(v) = v**3 - 6*v**2 + v - 3. Let k be q(6). Is 9 a factor of ((-1)/k)/(11/(-891))?
True
Let k = -156 - -234. Suppose -5*s - k + 338 = 0. Is 13 a factor of s?
True
Suppose 5*c + 10 = 3*g + g, -4 = 2*c. Suppose 0*l + 190 = 4*v + l, -3*v - 3*l + 147 = g. Is v a multiple of 16?
False
Let p(t) = -t + 3. Let i be p(4). Let n(d) = -15*d. Let r be n(i). Suppose -5*x + r = -0*x. Is 3 a factor of x?
True
Let f(b) = b**2 - 3*b - 1. Let h be f(4). Let z(r) = -8*r**3 - 5*r**3 + 1 + h*r**3 - r**2. Does 8 divide z(-1)?
False
Let l be -1 + 3 - (-1 - 1). Suppose 0 = -l*t + 5*t. Does 13 divide (12*(t + 2))/1?
False
Suppose -5*u + 2*w = -1171, -5*w + 480 = u + u. Suppose t - 6*t + u = 0. Does 17 divide t?
False
Let l = -110 - -188. Is 12 a factor of l?
False
Suppose 5*u + 10 = 5*c, -4*u - 6 = -5*c + 6. Suppose 7 = u*i - 23. Does 8 divide i?
False
Let x = 104 - 60. Suppose x = k + 14. Is k a multiple of 25?
False
Let a be 2/(0 + (-6)/(-417)). Let l = 217 - a. Suppose l = 2*o - 4*z + 16, 0 = z + 5. Is 10 a factor of o?
False
Suppose 2*f = -2*f + 24. Suppose s + 4 = f. Suppose 0 = -3*k + 2*n + 119, -s + 6 = -n. Is k a multiple of 13?
False
Suppose -2*g = -3*t - 12, -3*t = -5*g - 2*t + 17. Let p = 1 + g. Suppose -u = 3, 2*z + u = p*u + 19. Does 5 divide z?
True
Is 7 a factor of 74/4 + 9/(-18)?
False
Does 5 divide (-20 + 19)/((-2)/32)?
False
Let m be 9/(-1)*(-80)/24. Suppose 4*z = -q + 4*q - 8, q - 5 = -z. Suppose 0 = q*a + a - m. Does 3 divide a?
True
Let w = 32 - 21. Is 3 a factor of w?
False
Suppose i + 4*l - 128 = 0, 5*i = i + 5*l + 491. Is 21 a factor of i?
False
Let l = -4 + 23. Let w = 32 - l. Does 11 divide w?
False
Let i be 6/5*(-250)/(-3). Let x = i + -55. Does 16 divide x?
False
Let y be (-3)/(3/2*-1). Suppose -2*g - 5*x - y = -12, 3*g - 3*x - 57 = 0. Is g a multiple of 8?
False
Suppose -170 = -5*b - 0*b. Let v = b - 9. Does 14 divide v?
False
Let o(c) = 5*c**2 + 11*c + 12. Let k be o(-8). Let h be 3/((18/k)/3). Suppose 1 = -d - p + 27, 5*d = -p + h. Is d a multiple of 12?
True
Suppose -3*v + 6 = 0, -3*o - o + 312 = 2*v. Does 31 divide o?
False
Let j = 0 + 2. Suppose 0 = 2*y + j, -3*m + 42 + 4 = 5*y. Is 11 a factor of m?
False
Let p be (-2)/(-5) + 48/(-20). Let d be (-2)/p*16/(-4). Let u(z) = -z**3 - 2*z**2 + 5*z + 2. Does 7 divide u(d)?
True
Suppose 6*t - 3*t = -9, -5*t - 75 = -3*i. Is i a multiple of 12?
False
Suppose -4*f + 3*v - 3 = 0, 5*v + 12 = -0*f + f. Is 0 + 27 + (-4 - f) a multiple of 13?
True
Suppose 2 = -0*a + 2*a - 5*g, 4*a - 60 = -4*g. Does 4 divide a?
False
Suppose -15*n + 10*n = -15. Suppose -14 = -2*w + n*o, -52 = -5*w - 3*o + 2*o. Is w a multiple of 5?
True
Is 9 a factor of -5 + (-4)/(-2) - -30?
True
Suppose 5 - 2 = k. Suppose -82 = l - k*l. Does 17 divide l?
False
Let n be (-1 + 84/3)*1. Suppose -46 = 3*v + 2*f, 3*v + n = 2*f + 1. Is 14/6*(-3 - v) a multiple of 13?
False
Let l(x) = 78*x - 12. Is l(2) a multiple of 23?
False
Let r(a) = 1. Let w(v) = -v**2 - 15*v + 5. Let t(m) = 2*r(m) + w(m). Does 7 divide t(-14)?
True
Suppose f + 0*f = 0. Suppose f = -3*b - 15, m - 8*b - 22 = -4*b. Let n(y) = 14*y + 2. Is 11 a factor of n(m)?
False
Suppose 4*k + 23 = -9. Let i(u) = -u**2 - 11*u. Is i(k) a multiple of 6?
True
Let j(m) = m**2 + 4*m + 2. Let g be j(-4). Suppose 5*w = 3*k - 6*k + 142, -3*k + 170 = -g*w. Suppose 0 = -2*a + 6 + k. Is 15 a factor of a?
True
Suppose -225 = -14*v + 9*v. Let h = v - 27. Is 18 a factor of h?
True
Let z(q) = -q**2 - 2*q + 21. Let y be z(0). Let f = y - 18. Is 3 a factor of f?
True
Suppose -7*f = -3*f - 4. Let p = f + 7. Is 4 a factor of p?
True
Let v = -5 - 2. Let w(i) = -4*i - 7. Is 13 a factor of w(v)?
False
Suppose 67 + 33 = 2*q. Suppose -m = m - q. Is 5 a factor of m?
True
Let d = 82 + 52. Is 51 a factor of d?
False
Suppose -39 = -14*h + 745. Is h a multiple of 34?
False
Let c = 21 - -23. Is 12 a factor of c?
False
Let x(h) = 3*h + 1. Let p 